
Calculate the greatest common factor of 409446 and 300472.
1058
Calculate the highest common factor of 93565975 and 90763.
5339
Calculate the highest common divisor of 82111 and 3029786.
157
Calculate the greatest common divisor of 3534267 and 2189.
11
What is the greatest common divisor of 29720 and 869720?
40
Calculate the highest common factor of 316383832 and 10284.
3428
Calculate the greatest common factor of 1614398 and 1988.
142
Calculate the greatest common factor of 22107193 and 12383.
1769
What is the greatest common factor of 6586 and 5402?
74
What is the greatest common factor of 662 and 61829807?
331
What is the greatest common divisor of 553793 and 5187?
19
Calculate the highest common factor of 2501819992 and 20048.
10024
Calculate the greatest common factor of 84 and 1730918.
14
What is the highest common divisor of 24699088 and 2147?
2147
What is the greatest common factor of 30 and 67109310?
30
Calculate the highest common divisor of 405508191 and 51807.
7401
What is the greatest common factor of 1768005 and 21395?
1945
Calculate the greatest common divisor of 5493385 and 161417.
5207
What is the highest common factor of 9245 and 1589925?
215
What is the greatest common factor of 940904676 and 22768?
5692
Calculate the greatest common factor of 194868 and 5508.
36
Calculate the greatest common divisor of 40765 and 16684720.
1315
Calculate the highest common factor of 8953416 and 1080.
216
Calculate the highest common factor of 992 and 1465742.
62
Calculate the highest common divisor of 259064 and 221169.
689
What is the greatest common divisor of 529506 and 198306?
414
Calculate the greatest common factor of 1482 and 2584266.
114
What is the highest common factor of 1752618705 and 1335?
1335
Calculate the greatest common factor of 17784 and 16461354.
78
Calculate the highest common divisor of 78156 and 1067508.
468
What is the highest common factor of 18 and 8235462?
6
Calculate the greatest common divisor of 35 and 191030.
35
Calculate the highest common factor of 46 and 602425338.
46
What is the highest common divisor of 39620 and 236880?
140
Calculate the greatest common factor of 8336280 and 222504.
3048
What is the highest common divisor of 36521138 and 13344?
278
What is the highest common factor of 1169387 and 3088?
193
What is the highest common factor of 33 and 8196369?
3
Calculate the greatest common factor of 7376 and 67241921.
461
What is the highest common factor of 320 and 3138789280?
160
Calculate the greatest common divisor of 2 and 2082994.
2
Calculate the greatest common factor of 601760 and 17280.
160
Calculate the highest common factor of 1170 and 44690490.
1170
Calculate the greatest common divisor of 968202 and 676818.
342
What is the highest common divisor of 2457 and 4214322?
189
Calculate the highest common divisor of 2940 and 16890888.
588
What is the highest common divisor of 162074471 and 4277?
611
Calculate the greatest common divisor of 20135 and 98405.
5
Calculate the greatest common factor of 145080 and 39870.
90
What is the greatest common divisor of 292744298 and 154?
154
What is the greatest common divisor of 16585129 and 87?
29
What is the greatest common divisor of 3860577 and 210?
21
Calculate the greatest common factor of 239253696 and 2640.
528
What is the highest common divisor of 9 and 74470923?
9
What is the highest common factor of 135 and 6783939?
27
Calculate the greatest common factor of 21505 and 1160005.
1265
What is the greatest common factor of 3337 and 1628738?
47
Calculate the greatest common divisor of 2073373 and 217.
31
What is the highest common divisor of 5697 and 942537?
633
What is the highest common divisor of 82902 and 77490?
246
What is the highest common factor of 11197059 and 246?
123
Calculate the highest common factor of 2428241537 and 1541.
1541
Calculate the highest common divisor of 27774774 and 36.
18
Calculate the highest common factor of 2352 and 75812016.
2352
Calculate the highest common divisor of 4795 and 6093486.
959
Calculate the greatest common divisor of 1888 and 372496736.
1888
What is the greatest common divisor of 501008 and 16738880?
2896
What is the greatest common divisor of 11250 and 1571000?
250
What is the highest common divisor of 228667109 and 418?
209
Calculate the highest common factor of 117990 and 4712.
38
What is the highest common divisor of 418 and 15180044?
22
What is the highest common factor of 72 and 40923?
9
Calculate the highest common factor of 2668 and 3184925.
667
Calculate the greatest common divisor of 37024 and 188802464.
2848
Calculate the greatest common divisor of 943 and 1187196.
41
What is the highest common factor of 1739655 and 2203965?
3015
Calculate the highest common factor of 20314515 and 195.
195
Calculate the greatest common factor of 85 and 4603889.
17
Calculate the highest common divisor of 21459750 and 35855.
355
Calculate the greatest common factor of 1205280 and 436995.
405
Calculate the greatest common divisor of 10774902 and 56.
2
Calculate the greatest common factor of 1971 and 229527.
27
What is the highest common divisor of 23607853 and 82968?
3457
What is the highest common divisor of 33975 and 837225?
225
What is the highest common factor of 105545 and 29645?
55
What is the greatest common factor of 8008201 and 214?
107
What is the highest common divisor of 379050 and 32550?
1050
What is the greatest common factor of 1147023 and 8469?
9
Calculate the highest common divisor of 1596 and 109914.
42
What is the greatest common divisor of 3 and 797481?
3
What is the highest common divisor of 1205 and 3218555?
1205
Calculate the greatest common divisor of 1548744 and 452892.
564
What is the highest common divisor of 2014 and 115336745?
1007
Calculate the greatest common divisor of 3069 and 4792073.
341
Calculate the highest common factor of 155502 and 110982.
318
What is the greatest common divisor of 858094 and 26430?
1762
Calculate the greatest common divisor of 17519 and 289.
1
What is the highest common divisor of 12617292 and 570?
114
Calculate the highest common divisor of 8190 and 248880.
30
Calculate the highest common factor of 1776 and 15762888.
888
Calculate the highest common divisor of 5763816 and 12716.
1156
Calculate the greatest common factor of 16492 and 3556.
28
What is the greatest common divisor of 9500 and 1060447?
19
What is the greatest common factor of 2455963 and 1955?
23
Calculate the greatest common divisor of 2009 and 428666.
7
Calculate the greatest common factor of 73 and 4831067.
73
Calculate the highest common divisor of 128401 and 362627.
1411
What is the greatest common divisor of 60522098 and 27020?
2702
What is the highest common factor of 4 and 505911188?
4
Calculate the greatest common factor of 14130 and 491410.
1570
What is the highest common factor of 1042016282 and 2182?
2182
What is the highest common factor of 123 and 1282316?
41
Calculate the highest common divisor of 32481 and 19422435.
1203
Calculate the highest common factor of 220589651 and 409.
409
Calculate the greatest common factor of 330 and 2093910.
30
What is the greatest common factor of 92 and 23897?
23
Calculate the highest common factor of 3954 and 23121015.
1977
Calculate the highest common divisor of 13 and 405205.
1
What is the greatest common factor of 11136795 and 62015?
785
What is the greatest common factor of 3530464 and 8?
8
What is the greatest common divisor of 922394 and 22?
22
What is the highest common divisor of 7431439 and 268?
67
Calculate the highest common factor of 44517 and 120984.
213
What is the greatest common factor of 113160 and 5589?
69
Calculate the highest common factor of 1034485 and 5.
5
What is the greatest common factor of 75332030 and 835?
835
What is the greatest common divisor of 4949443 and 76?
19
What is the highest common divisor of 130587 and 7363013?
551
Calculate the greatest common factor of 19193808 and 48.
48
What is the greatest common divisor of 585052 and 90896?
52
What is the highest common factor of 51619892 and 2792?
1396
Calculate the greatest common divisor of 8 and 317027752.
8
What is the greatest common divisor of 152360 and 147086?
586
Calculate the greatest common factor of 640 and 25747840.
640
What is the greatest common div